[INFO] cloning repository https://github.com/MirkoCovizzi/Foodora-rs
[INFO] running `Command { std: "git" "-c" "credential.helper=" "-c" "credential.helper=/workspace/cargo-home/bin/git-credential-null" "clone" "--bare" "https://github.com/MirkoCovizzi/Foodora-rs" "/workspace/cache/git-repos/https%3A%2F%2Fgithub.com%2FMirkoCovizzi%2FFoodora-rs", kill_on_drop: false }`
[INFO] [stderr] Cloning into bare repository '/workspace/cache/git-repos/https%3A%2F%2Fgithub.com%2FMirkoCovizzi%2FFoodora-rs'...
[INFO] running `Command { std: "git" "rev-parse" "HEAD", kill_on_drop: false }`
[INFO] [stdout] a7c40f083219ccab3106368fd20e3ea1e447550c
[INFO] checking MirkoCovizzi/Foodora-rs against master#af3c6e733a40e671550e0f0f5aeecaa13772ba56 for pr-74989
[INFO] running `Command { std: "git" "clone" "/workspace/cache/git-repos/https%3A%2F%2Fgithub.com%2FMirkoCovizzi%2FFoodora-rs" "/workspace/builds/worker-4/source", kill_on_drop: false }`
[INFO] [stderr] Cloning into '/workspace/builds/worker-4/source'...
[INFO] [stderr] done.
[INFO] validating manifest of git repo https://github.com/MirkoCovizzi/Foodora-rs on toolchain af3c6e733a40e671550e0f0f5aeecaa13772ba56
[INFO] running `Command { std: "/workspace/cargo-home/bin/cargo" "+af3c6e733a40e671550e0f0f5aeecaa13772ba56" "read-manifest" "--manifest-path" "Cargo.toml", kill_on_drop: false }`
[INFO] started tweaking git repo https://github.com/MirkoCovizzi/Foodora-rs
[INFO] finished tweaking git repo https://github.com/MirkoCovizzi/Foodora-rs
[INFO] tweaked toml for git repo https://github.com/MirkoCovizzi/Foodora-rs written to /workspace/builds/worker-4/source/Cargo.toml
[INFO] crate git repo https://github.com/MirkoCovizzi/Foodora-rs already has a lockfile, it will not be regenerated
[INFO] running `Command { std: "/workspace/cargo-home/bin/cargo" "+af3c6e733a40e671550e0f0f5aeecaa13772ba56" "fetch" "--locked" "--manifest-path" "Cargo.toml", kill_on_drop: false }`
[INFO] running `Command { std: "docker" "create" "-v" "/var/lib/crater-agent-workspace/builds/worker-4/target:/opt/rustwide/target:rw,Z" "-v" "/var/lib/crater-agent-workspace/builds/worker-4/source:/opt/rustwide/workdir:ro,Z" "-v" "/var/lib/crater-agent-workspace/cargo-home:/opt/rustwide/cargo-home:ro,Z" "-v" "/var/lib/crater-agent-workspace/rustup-home:/opt/rustwide/rustup-home:ro,Z" "-e" "SOURCE_DIR=/opt/rustwide/workdir" "-e" "CARGO_TARGET_DIR=/opt/rustwide/target" "-e" "CARGO_HOME=/opt/rustwide/cargo-home" "-e" "RUSTUP_HOME=/opt/rustwide/rustup-home" "-w" "/opt/rustwide/workdir" "-m" "1610612736" "--user" "0:0" "--network" "none" "rustops/crates-build-env@sha256:d92eaeed33fa75130ca1ee6c8a01d1ffb62bac859dfdfb3450e3e5d1c0146529" "/opt/rustwide/cargo-home/bin/cargo" "+af3c6e733a40e671550e0f0f5aeecaa13772ba56" "metadata" "--no-deps" "--format-version=1", kill_on_drop: false }`
[INFO] [stderr] WARNING: Your kernel does not support swap limit capabilities or the cgroup is not mounted. Memory limited without swap.
[INFO] [stdout] 6365fb4c34dbf5f6605795ce8b46fd2e92a8ab9cc1425b99ea0548e2eeaaf95c
[INFO] running `Command { std: "docker" "start" "-a" "6365fb4c34dbf5f6605795ce8b46fd2e92a8ab9cc1425b99ea0548e2eeaaf95c", kill_on_drop: false }`
[INFO] running `Command { std: "docker" "inspect" "6365fb4c34dbf5f6605795ce8b46fd2e92a8ab9cc1425b99ea0548e2eeaaf95c", kill_on_drop: false }`
[INFO] running `Command { std: "docker" "rm" "-f" "6365fb4c34dbf5f6605795ce8b46fd2e92a8ab9cc1425b99ea0548e2eeaaf95c", kill_on_drop: false }`
[INFO] [stdout] 6365fb4c34dbf5f6605795ce8b46fd2e92a8ab9cc1425b99ea0548e2eeaaf95c
[INFO] running `Command { std: "docker" "create" "-v" "/var/lib/crater-agent-workspace/builds/worker-4/target:/opt/rustwide/target:rw,Z" "-v" "/var/lib/crater-agent-workspace/builds/worker-4/source:/opt/rustwide/workdir:ro,Z" "-v" "/var/lib/crater-agent-workspace/cargo-home:/opt/rustwide/cargo-home:ro,Z" "-v" "/var/lib/crater-agent-workspace/rustup-home:/opt/rustwide/rustup-home:ro,Z" "-e" "SOURCE_DIR=/opt/rustwide/workdir" "-e" "CARGO_TARGET_DIR=/opt/rustwide/target" "-e" "CARGO_INCREMENTAL=0" "-e" "RUST_BACKTRACE=full" "-e" "RUSTFLAGS=--cap-lints=forbid" "-e" "CARGO_HOME=/opt/rustwide/cargo-home" "-e" "RUSTUP_HOME=/opt/rustwide/rustup-home" "-w" "/opt/rustwide/workdir" "-m" "1610612736" "--user" "0:0" "--network" "none" "rustops/crates-build-env@sha256:d92eaeed33fa75130ca1ee6c8a01d1ffb62bac859dfdfb3450e3e5d1c0146529" "/opt/rustwide/cargo-home/bin/cargo" "+af3c6e733a40e671550e0f0f5aeecaa13772ba56" "check" "--frozen" "--all" "--all-targets" "--message-format=json", kill_on_drop: false }`
[INFO] [stdout] 2877781bf8900eae33cd2eebd907038859a1fb05267ecb2fab3332c751c28941
[INFO] [stderr] WARNING: Your kernel does not support swap limit capabilities or the cgroup is not mounted. Memory limited without swap.
[INFO] running `Command { std: "docker" "start" "-a" "2877781bf8900eae33cd2eebd907038859a1fb05267ecb2fab3332c751c28941", kill_on_drop: false }`
[INFO] [stderr]     Blocking waiting for file lock on package cache
[INFO] [stderr]     Blocking waiting for file lock on package cache
[INFO] [stderr]     Blocking waiting for file lock on package cache
[INFO] [stderr]     Blocking waiting for file lock on package cache
[INFO] [stderr]    Compiling getrandom v0.1.14
[INFO] [stderr]    Compiling log v0.4.8
[INFO] [stderr]     Checking fixedbitset v0.2.0
[INFO] [stderr]    Compiling indexmap v1.3.2
[INFO] [stderr]     Checking time v0.1.42
[INFO] [stderr]     Checking colored v1.9.3
[INFO] [stderr]     Checking chrono v0.4.11
[INFO] [stderr]     Checking rand_core v0.5.1
[INFO] [stderr]     Checking rand_chacha v0.2.2
[INFO] [stderr]     Checking petgraph v0.5.0
[INFO] [stderr]     Checking rand v0.7.3
[INFO] [stderr]     Checking simple_logger v1.6.0
[INFO] [stderr]     Checking foodora v0.1.0 (/opt/rustwide/workdir)
[INFO] [stdout] error[E0061]: this function takes 0 arguments but 1 argument was supplied
[INFO] [stdout]   --> src/rider.rs:60:25
[INFO] [stdout]    |
[INFO] [stdout] 10 |     pub fn new() -> Rider {
[INFO] [stdout]    |     --------------------- defined here
[INFO] [stdout] ...
[INFO] [stdout] 60 |         let mut rider = Rider::new(0);
[INFO] [stdout]    |                         ^^^^^^^^^^ - supplied 1 argument
[INFO] [stdout]    |                         |
[INFO] [stdout]    |                         expected 0 arguments
[INFO] [stdout] 
[INFO] [stdout] 
[INFO] [stdout] error[E0061]: this function takes 0 arguments but 1 argument was supplied
[INFO] [stdout]   --> src/rider.rs:69:25
[INFO] [stdout]    |
[INFO] [stdout] 10 |     pub fn new() -> Rider {
[INFO] [stdout]    |     --------------------- defined here
[INFO] [stdout] ...
[INFO] [stdout] 69 |         let mut rider = Rider::new(0);
[INFO] [stdout]    |                         ^^^^^^^^^^ - supplied 1 argument
[INFO] [stdout]    |                         |
[INFO] [stdout]    |                         expected 0 arguments
[INFO] [stdout] 
[INFO] [stdout] 
[INFO] [stdout] error[E0061]: this function takes 0 arguments but 1 argument was supplied
[INFO] [stdout]   --> src/rider.rs:79:27
[INFO] [stdout]    |
[INFO] [stdout] 10 |     pub fn new() -> Rider {
[INFO] [stdout]    |     --------------------- defined here
[INFO] [stdout] ...
[INFO] [stdout] 79 |         let mut rider_1 = Rider::new(0);
[INFO] [stdout]    |                           ^^^^^^^^^^ - supplied 1 argument
[INFO] [stdout]    |                           |
[INFO] [stdout]    |                           expected 0 arguments
[INFO] [stdout] 
[INFO] [stdout] 
[INFO] [stdout] error[E0061]: this function takes 0 arguments but 1 argument was supplied
[INFO] [stdout]   --> src/rider.rs:83:27
[INFO] [stdout]    |
[INFO] [stdout] 10 |     pub fn new() -> Rider {
[INFO] [stdout]    |     --------------------- defined here
[INFO] [stdout] ...
[INFO] [stdout] 83 |         let mut rider_2 = Rider::new(1);
[INFO] [stdout]    |                           ^^^^^^^^^^ - supplied 1 argument
[INFO] [stdout]    |                           |
[INFO] [stdout]    |                           expected 0 arguments
[INFO] [stdout] 
[INFO] [stdout] 
[INFO] [stdout] error: aborting due to 4 previous errors
[INFO] [stdout] 
[INFO] [stdout] 
[INFO] [stdout] For more information about this error, try `rustc --explain E0061`.
[INFO] [stdout] 
[INFO] [stderr] error: could not compile `foodora`.
[INFO] [stderr] 
[INFO] [stderr] To learn more, run the command again with --verbose.
[INFO] [stderr] warning: build failed, waiting for other jobs to finish...
[INFO] [stderr] error: build failed
[INFO] running `Command { std: "docker" "inspect" "2877781bf8900eae33cd2eebd907038859a1fb05267ecb2fab3332c751c28941", kill_on_drop: false }`
[INFO] running `Command { std: "docker" "rm" "-f" "2877781bf8900eae33cd2eebd907038859a1fb05267ecb2fab3332c751c28941", kill_on_drop: false }`
[INFO] [stdout] 2877781bf8900eae33cd2eebd907038859a1fb05267ecb2fab3332c751c28941
